41
What is the highest common factor of 27 and 2531?
1
What is the greatest common divisor of 23072 and 1120?
224
Calculate the greatest common factor of 34302 and 102.
6
Calculate the greatest common factor of 20187 and 1332.
9
What is the greatest common factor of 185240 and 3960?
440
Calculate the highest common factor of 14134 and 77164.
382
Calculate the greatest common factor of 525 and 21700.
175
What is the highest common divisor of 315 and 1244880?
315
Calculate the greatest common divisor of 11 and 2667830.
11
Calculate the greatest common divisor of 29288 and 168.
56
Calculate the highest common divisor of 283385 and 285.
95
What is the greatest common divisor of 3349 and 394?
197
Calculate the highest common factor of 1360 and 238.
34
What is the greatest common divisor of 15322 and 141?
47
What is the greatest common factor of 495 and 72864?
99
What is the highest common divisor of 321 and 75649?
107
Calculate the highest common divisor of 37 and 24346.
37
Calculate the highest common divisor of 855666 and 112.
14
What is the highest common factor of 5642 and 1274?
182
Calculate the greatest common divisor of 168 and 425481.
21
Calculate the greatest common divisor of 16079 and 35.
7
Calculate the highest common factor of 170 and 119918.
34
What is the highest common divisor of 76514 and 33118?
1142
What is the highest common factor of 36 and 3169056?
12
Calculate the greatest common factor of 1473 and 19.
1
Calculate the highest common divisor of 151481 and 293.
293
Calculate the greatest common factor of 288 and 258848.
32
What is the highest common divisor of 175769 and 836?
209
What is the greatest common divisor of 25012 and 564460?
676
What is the greatest common factor of 64014 and 188?
94
What is the highest common factor of 9 and 6201297?
9
Calculate the greatest common factor of 348 and 4392.
12
What is the greatest common divisor of 15679 and 8?
1
What is the highest common divisor of 456 and 1387?
19
Calculate the greatest common factor of 333520 and 176.
176
What is the greatest common divisor of 321846 and 97?
97
Calculate the highest common factor of 201 and 26331.
201
What is the greatest common factor of 35 and 5659675?
35
Calculate the greatest common divisor of 52624 and 130548.
1012
Calculate the highest common factor of 126 and 70994.
14
Calculate the highest common factor of 74233 and 1102.
19
What is the highest common factor of 836 and 10754?
38
Calculate the greatest common factor of 2175174 and 972.
162
What is the greatest common divisor of 3362 and 15006?
82
What is the highest common factor of 33 and 1018974?
33
What is the highest common factor of 38 and 119567?
19
What is the highest common factor of 835020 and 720?
180
Calculate the highest common factor of 1440 and 70830.
90
What is the highest common factor of 174 and 2531120?
58
Calculate the greatest common factor of 389 and 182830.
389
What is the greatest common factor of 9840 and 445?
5
Calculate the greatest common factor of 19872 and 1426.
46
Calculate the highest common divisor of 63140 and 8140.
220
Calculate the highest common divisor of 24 and 3958000.
8
What is the greatest common divisor of 1891 and 403?
31
Calculate the greatest common divisor of 224 and 15085.
7
What is the highest common divisor of 770468 and 4?
4
Calculate the greatest common factor of 9315 and 449190.
1035
What is the greatest common factor of 1639 and 65411?
149
What is the highest common factor of 41430 and 18?
6
What is the greatest common factor of 94450 and 450?
50
What is the highest common factor of 285 and 10055085?
285
What is the greatest common factor of 19817 and 2432?
19
Calculate the highest common divisor of 416 and 76440.
104
Calculate the highest common divisor of 1718 and 4.
2
What is the highest common divisor of 498 and 1686?
6
What is the highest common factor of 690 and 5430?
30
What is the greatest common divisor of 55039 and 161?
23
Calculate the greatest common divisor of 25264 and 368.
16
What is the greatest common factor of 8670 and 30?
30
Calculate the highest common divisor of 176 and 187528.
88
What is the highest common divisor of 4 and 1689712?
4
What is the highest common divisor of 1140 and 5040?
60
Calculate the highest common factor of 231 and 1869.
21
Calculate the greatest common factor of 165 and 5685.
15
What is the greatest common divisor of 15087 and 423?
141
What is the greatest common factor of 7 and 822402?
7
What is the greatest common divisor of 4 and 117332?
4
What is the greatest common factor of 314991 and 279?
279
What is the greatest common divisor of 312 and 258375?
39
What is the highest common factor of 1659 and 869?
79
Calculate the greatest common factor of 508459 and 133.
133
Calculate the highest common factor of 258 and 737106.
258
What is the highest common factor of 62681 and 57?
19
Calculate the highest common divisor of 280 and 14952.
56
Calculate the highest common divisor of 14350 and 679.
7
Calculate the highest common divisor of 4213 and 660.
11
Calculate the highest common factor of 260 and 4874740.
260
Calculate the greatest common factor of 742 and 4558.
106
Calculate the greatest common divisor of 31136 and 280.
56
Calculate the greatest common divisor of 21 and 449421.
21
What is the greatest common factor of 3533600 and 480?
160
What is the highest common divisor of 535 and 8667?
107
What is the greatest common factor of 154 and 1276?
22
Calculate the highest common divisor of 177075 and 135.
45
What is the highest common factor of 3703 and 1955?
23
Calculate the greatest common factor of 12 and 1042437.
3
What is the highest common divisor of 29 and 103530?
29
Calculate the highest common divisor of 1320 and 1620.
60
Calculate the highest common divisor of 446 and 774925.
223
Calculate the greatest common factor of 15 and 2535.
15
What is the highest common factor of 5160 and 1960?
40
Calculate the greatest common factor of 90666 and 259578.
1242
Calculate the greatest common factor of 170 and 20162.
34
What is the greatest common divisor of 553 and 308021?
553
Calculate the greatest common divisor of 4 and 56348.
4
Calculate the highest common factor of 18424 and 76892.
188
What is the greatest common divisor of 609 and 59885?
203
Calculate the greatest common factor of 420161 and 13510.
1351
What is the greatest common factor of 21527 and 3553?
209
Calculate the highest common divisor of 103480 and 2080.
520
Calculate the highest common factor of 23 and 702213.
23
Calculate the greatest common divisor of 5845 and 20.
5
Calculate the greatest common divisor of 148695 and 1725.
345
What is the greatest common factor of 33166 and 966?
322
What is the highest common factor of 181575 and 90?
45
What is the highest common factor of 267395 and 15?
5
Calculate the greatest common divisor of 703 and 27607.
19
What is the highest common divisor of 17455 and 10?
5
Calculate the greatest common divisor of 172 and 70778.
86
What is the greatest common factor of 5623 and 11?
1
Calculate the greatest common factor of 323 and 17.
17
What is the greatest common factor of 11 and 674?
1
Calculate the greatest common divisor of 20 and 769960.
20
What is the greatest common factor of 19762 and 820?
82
What is the highest common factor of 242 and 22726?
22
What is the highest common divisor of 1728 and 56?
8
What is the highest common divisor of 936 and 25116?
156
Calculate the greatest common divisor of 5808 and 3804.
12
Calculate the greatest common divisor of 82381 and 65.
13
What is the greatest common factor of 799 and 2726?
47
Calculate the highest common divisor of 108 and 18009.
27
What is the greatest common divisor of 60508 and 140?
28
What is the highest common divisor of 52480 and 30?
10
What is the highest common divisor of 201286 and 2?
2
Calculate the greatest common divisor of 719 and 38826.
719
What is the greatest common factor of 197 and 5576479?
197
What is the highest common divisor of 348 and 3139482?
174
What is the greatest common divisor of 127 and 82169?
127
Calculate the greatest common factor of 252 and 41706.
126
What is the highest common divisor of 136 and 4904?
8
Calculate the greatest common factor of 170 and 282455.
85
Calculate the highest common factor of 19599 and 15